{"id":356,"date":"2026-09-01T13:38:27","date_gmt":"2026-09-01T11:38:27","guid":{"rendered":"https:\/\/quartier-carnot.fr\/?page_id=356"},"modified":"2026-09-01T13:38:27","modified_gmt":"2026-09-01T11:38:27","slug":"carnot-a-dessins-2026","status":"publish","type":"page","link":"https:\/\/quartier-carnot.fr\/index.php\/evenements\/carnot-a-dessins\/carnot-a-dessins-2026\/","title":{"rendered":"Carnot \u00e0 dessins 2026"},"content":{"rendered":"\n<h2 class=\"wp-block-heading\">vide-ateliers d\u2019artistes<\/h2>\n\n\n\n<p class=\"wp-block-paragraph\">L&rsquo;association <strong>QUARTIER CARNOT<\/strong> organise, le <strong>SAMEDI 26 SEPTEMBRE<\/strong> un vide-ateliers d&rsquo;artistes de 10h \u00e0 18h, rue des Aiguerelles et rue Farges. Quarante artistes vous y attendent. C&rsquo;est le moment de venir d\u00e9couvrir tous leurs petits chefs-d\u2019\u0153uvre \u00e0 prix d&rsquo;amis ! Des animations sont pr\u00e9vues tout au long de la journ\u00e9e.<\/p>\n\n\n\n<h4 class=\"wp-block-heading\">Agenda<\/h4>\n\n\n\n<p class=\"wp-block-paragraph\">(\u00e0 suivre)<\/p>\n\n\n\n<h4 class=\"wp-block-heading\">Liste des exposants<\/h4>\n\n\n\n<figure class=\"wp-block-table is-style-stripes\"><table class=\"has-fixed-layout\"><tbody><tr><td>ARTISTE<\/td><td>ART<\/td><\/tr><tr><td>A-Sophie Maugerie<\/td><td>C\u00e9ramique<\/td><\/tr><tr><td>Alexandre Cabec<\/td><td>Peinture<\/td><\/tr><tr><td>Caroline Charbonnier<\/td><td>Sculpture<\/td><\/tr><tr><td>Caroline Rochette<\/td><td>Gravure<\/td><\/tr><tr><td>Cathy Pons<\/td><td>Peinture<\/td><\/tr><tr><td>Christophe Doyen<\/td><td>Photographie<\/td><\/tr><tr><td>Colette Cortey<\/td><td>C\u00e9ramique<\/td><\/tr><tr><td>Daniel Carraz<\/td><td>Peinture<\/td><\/tr><tr><td>Daphn\u00e9e Bassetto<\/td><td>Peinture<\/td><\/tr><tr><td>Elisabeth Blanes<\/td><td>Sculpture<\/td><\/tr><tr><td>Emma Tourniaire<\/td><td>C\u00e9ramique<\/td><\/tr><tr><td>Fran\u00e7ois Bou\u00ebt<\/td><td>Illustration<\/td><\/tr><tr><td>Fran\u00e7ois Sauvage<\/td><td>Peinture<\/td><\/tr><tr><td>Hector Oriol<\/td><td>Illustration<\/td><\/tr><tr><td>Jean-Luc Cl\u00e9ment<\/td><td>Peinture<\/td><\/tr><tr><td>Jon Martindale<\/td><td>Photographie<\/td><\/tr><tr><td>Krystof<\/td><td>Street-art<\/td><\/tr><tr><td>Labord Florence<\/td><td>Peinture<\/td><\/tr><tr><td>Ladoux Christiane<\/td><td>Photographie<\/td><\/tr><tr><td>Laetitia Gavini<\/td><td>Collages<\/td><\/tr><tr><td>Liberaj Cicoj<\/td><td>Peinture<\/td><\/tr><tr><td>Luis 70<\/td><td>Peinture<\/td><\/tr><tr><td>Madeleine Thomas<\/td><td>Collage<\/td><\/tr><tr><td>Margarita Ospina<\/td><td>Costumes<\/td><\/tr><tr><td>Maxime Borowski<\/td><td>Illustration<\/td><\/tr><tr><td>Muriel Petit<\/td><td>Peinture<\/td><\/tr><tr><td>Nathalie Leroux<\/td><td>Art textile<\/td><\/tr><tr><td>No\u00e9mie Lefebvre<\/td><td>Photographie<\/td><\/tr><tr><td>Olga Fuentes<\/td><td>Peinture<\/td><\/tr><tr><td>Paul Carlier<\/td><td>Illustration<\/td><\/tr><tr><td>Sandra Bardes<\/td><td>Textiles<\/td><\/tr><tr><td>Sophie Massault<\/td><td>C\u00e9ramique<\/td><\/tr><tr><td>Sylvie Seigneuret<\/td><td>Dessin, photo<\/td><\/tr><tr><td>Tristan Adelen<\/td><td>Plasticien<\/td><\/tr><tr><td>Walle-Ott A.-Jeanne<\/td><td>Photographie<\/td><\/tr><\/tbody><\/table><\/figure>\n\n\n\n<p class=\"wp-block-paragraph\"><\/p>\n","protected":false},"excerpt":{"rendered":"<p>vide-ateliers d\u2019artistes L&rsquo;association QUARTIER CARNOT organise, le SAMEDI 26 SEPTEMBRE un vide-ateliers d&rsquo;artistes de 10h \u00e0 18h, rue des Aiguerelles et rue Farges. Quarante artistes vous y attendent. C&rsquo;est le moment de venir d\u00e9couvrir tous leurs petits chefs-d\u2019\u0153uvre \u00e0 prix<\/p>\n","protected":false},"author":3,"featured_media":0,"parent":221,"menu_order":0,"comment_status":"closed","ping_status":"closed","template":"","meta":{"footnotes":""},"class_list":["post-356","page","type-page","status-publish","hentry"],"_links":{"self":[{"href":"https:\/\/quartier-carnot.fr\/index.php\/wp-json\/wp\/v2\/pages\/356","targetHints":{"allow":["GET"]}}],"collection":[{"href":"https:\/\/quartier-carnot.fr\/index.php\/wp-json\/wp\/v2\/pages"}],"about":[{"href":"https:\/\/quartier-carnot.fr\/index.php\/wp-json\/wp\/v2\/types\/page"}],"author":[{"embeddable":true,"href":"https:\/\/quartier-carnot.fr\/index.php\/wp-json\/wp\/v2\/users\/3"}],"replies":[{"embeddable":true,"href":"https:\/\/quartier-carnot.fr\/index.php\/wp-json\/wp\/v2\/comments?post=356"}],"version-history":[{"count":1,"href":"https:\/\/quartier-carnot.fr\/index.php\/wp-json\/wp\/v2\/pages\/356\/revisions"}],"predecessor-version":[{"id":358,"href":"https:\/\/quartier-carnot.fr\/index.php\/wp-json\/wp\/v2\/pages\/356\/revisions\/358"}],"up":[{"embeddable":true,"href":"https:\/\/quartier-carnot.fr\/index.php\/wp-json\/wp\/v2\/pages\/221"}],"wp:attachment":[{"href":"https:\/\/quartier-carnot.fr\/index.php\/wp-json\/wp\/v2\/media?parent=356"}],"curies":[{"name":"wp","href":"https:\/\/api.w.org\/{rel}","templated":true}]}}

Carnot à dessins 2026

<h2 class="wp-block-heading">vide-ateliers d’artistes</h2>



<p class="wp-block-paragraph">L&rsquo;association <strong>QUARTIER CARNOT</strong> organise, le <strong>SAMEDI 26 SEPTEMBRE</strong> un vide-ateliers d&rsquo;artistes de 10h à 18h, rue des Aiguerelles et rue Farges. Quarante artistes vous y attendent. C&rsquo;est le moment de venir découvrir tous leurs petits chefs-d’œuvre à prix d&rsquo;amis ! Des animations sont prévues tout au long de la journée.</p>



<h4 class="wp-block-heading">Agenda</h4>



<p class="wp-block-paragraph">(à suivre)</p>



<h4 class="wp-block-heading">Liste des exposants</h4>



<figure class="wp-block-table is-style-stripes"><table class="has-fixed-layout"><tbody><tr><td>ARTISTE</td><td>ART</td></tr><tr><td>A-Sophie Maugerie</td><td>Céramique</td></tr><tr><td>Alexandre Cabec</td><td>Peinture</td></tr><tr><td>Caroline Charbonnier</td><td>Sculpture</td></tr><tr><td>Caroline Rochette</td><td>Gravure</td></tr><tr><td>Cathy Pons</td><td>Peinture</td></tr><tr><td>Christophe Doyen</td><td>Photographie</td></tr><tr><td>Colette Cortey</td><td>Céramique</td></tr><tr><td>Daniel Carraz</td><td>Peinture</td></tr><tr><td>Daphnée Bassetto</td><td>Peinture</td></tr><tr><td>Elisabeth Blanes</td><td>Sculpture</td></tr><tr><td>Emma Tourniaire</td><td>Céramique</td></tr><tr><td>François Bouët</td><td>Illustration</td></tr><tr><td>François Sauvage</td><td>Peinture</td></tr><tr><td>Hector Oriol</td><td>Illustration</td></tr><tr><td>Jean-Luc Clément</td><td>Peinture</td></tr><tr><td>Jon Martindale</td><td>Photographie</td></tr><tr><td>Krystof</td><td>Street-art</td></tr><tr><td>Labord Florence</td><td>Peinture</td></tr><tr><td>Ladoux Christiane</td><td>Photographie</td></tr><tr><td>Laetitia Gavini</td><td>Collages</td></tr><tr><td>Liberaj Cicoj</td><td>Peinture</td></tr><tr><td>Luis 70</td><td>Peinture</td></tr><tr><td>Madeleine Thomas</td><td>Collage</td></tr><tr><td>Margarita Ospina</td><td>Costumes</td></tr><tr><td>Maxime Borowski</td><td>Illustration</td></tr><tr><td>Muriel Petit</td><td>Peinture</td></tr><tr><td>Nathalie Leroux</td><td>Art textile</td></tr><tr><td>Noémie Lefebvre</td><td>Photographie</td></tr><tr><td>Olga Fuentes</td><td>Peinture</td></tr><tr><td>Paul Carlier</td><td>Illustration</td></tr><tr><td>Sandra Bardes</td><td>Textiles</td></tr><tr><td>Sophie Massault</td><td>Céramique</td></tr><tr><td>Sylvie Seigneuret</td><td>Dessin, photo</td></tr><tr><td>Tristan Adelen</td><td>Plasticien</td></tr><tr><td>Walle-Ott A.-Jeanne</td><td>Photographie</td></tr></tbody></table></figure>



<p class="wp-block-paragraph"></p>

<p>vide-ateliers d’artistes L&rsquo;association QUARTIER CARNOT organise, le SAMEDI 26 SEPTEMBRE un vide-ateliers d&rsquo;artistes de 10h à 18h, rue des Aiguerelles et rue Farges. Quarante artistes vous y attendent. C&rsquo;est le moment de venir découvrir tous leurs petits chefs-d’œuvre à prix</p>
